tiple of 15?
False
Is 2 a factor of 278797456?
True
Does 25 divide 3566933800?
True
Is 8 a factor of 24875248?
True
Does 20 divide 873617739?
False
Does 16 divide 40170823?
False
Does 832 divide 445078172?
False
Is 410323580 a multiple of 167?
False
Is 145449664 a multiple of 32?
True
Is 2276565200 a multiple of 3679?
True
Is 397221587 a multiple of 14?
False
Is 47342215 a multiple of 246?
False
Does 82 divide 20177412?
True
Does 200 divide 5572400?
True
Does 13 divide 121931017?
True
Does 21 divide 40398330?
True
Is 4 a factor of 12963880?
True
Does 7 divide 27273463?
True
Is 128417036 a multiple of 15?
False
Is 798 a factor of 115405962?
True
Is 2414 a factor of 87787798?
False
Is 21 a factor of 630643020?
True
Is 27377442 a multiple of 57?
True
Does 20 divide 19880175?
False
Is 665 a factor of 40408663?
False
Does 193 divide 392091659?
True
Does 6 divide 617133?
False
Is 61532065 a multiple of 829?
False
Is 1150 a factor of 171537275?
False
Is 13 a factor of 169314639?
True
Does 29 divide 31527176?
True
Does 35 divide 37674455?
True
Is 4225596882 a multiple of 13?
True
Is 14 a factor of 2965723208?
True
Does 443 divide 2376695?
True
Does 286 divide 22894872?
True
Is 110 a factor of 120477592?
False
Is 27 a factor of 24699580?
False
Is 198233105 a multiple of 4?
False
Is 1028918855 a multiple of 51?
False
Does 126 divide 191650284?
True
Is 5 a factor of 61453139?
False
Does 8 divide 309261459?
False
Is 92296511 a multiple of 82?
False
Does 2 divide 377782240?
True
Does 138 divide 2848648929?
False
Is 3516909 a multiple of 51?
True
Is 35 a factor of 69913410?
True
Is 3 a factor of 21670152?
True
Is 171960244 a multiple of 68?
False
Is 106016565 a multiple of 2?
False
Is 452357808 a multiple of 1869?
True
Does 7 divide 933537?
False
Is 63 a factor of 187869150?
True
Does 43 divide 310677279?
True
Is 207 a factor of 9120616?
False
Is 12611165 a multiple of 175?
False
Is 6598746 a multiple of 6?
True
Is 136339231 a multiple of 296?
False
Does 8 divide 18364288?
True
Is 63 a factor of 16915214?
False
Is 651 a factor of 31357951?
False
Is 50283861 a multiple of 11?
False
Is 7 a factor of 130855527?
False
Does 17 divide 298605311?
False
Does 12 divide 3998425?
False
Does 271 divide 56490492?
True
Does 66 divide 13920464?
False
Is 57777796 a multiple of 41?
False
Is 204003726 a multiple of 16?
False
Is 12 a factor of 2877220400?
False
Does 22 divide 2833658256?
True
Is 2803 a factor of 5507099264?
False
Is 1190 a factor of 10502726?
False
Is 220 a factor of 447386720?
True
Does 190 divide 42312805?
False
Is 26898152 a multiple of 52?
False
Does 379 divide 64876083?
True
Is 27634383 a multiple of 21?
True
Is 248936998 a multiple of 54?
False
Is 2427262624 a multiple of 172?
True
Is 113 a factor of 260546699?
True
Is 26 a factor of 3017506340?
False
Is 1921052300 a multiple of 90?
False
Is 335 a factor of 15473765?
False
Is 73853575 a multiple of 145?
True
Is 289342560 a multiple of 15?
True
Is 138 a factor of 2484731124?
True
Is 183282653 a multiple of 27?
False
Does 64 divide 173925440?
True
Does 20 divide 1515281842?
False
Does 195 divide 145330203?
False
Does 7 divide 2329089?
True
Is 22 a factor of 7470034?
True
Is 434696847 a multiple of 43?
True
Is 16 a factor of 40638807?
False
Is 13499071 a multiple of 37?
False
Is 28246500 a multiple of 500?
True
Does 9668 divide 2886202023?
False
Does 15 divide 26644236?
False
Is 4290358 a multiple of 514?
True
Is 91022112 a multiple of 48?
True
Is 81337410 a multiple of 2541?
True
Is 76 a factor of 1622424474?
False
Is 5656357 a multiple of 133?
True
Does 7760 divide 2419498160?
True
Is 3911 a factor of 261455682?
False
Does 10108 divide 719764688?
False
Is 1855598224 a multiple of 214?
False
Is 2142 a factor of 44877042?
True
Is 161291320 a multiple of 305?
True
Is 591182667 a multiple of 9?
True
Is 10 a factor of 28910656?
False
Does 10 divide 123378464?
False
Is 519879646 a multiple of 286?
True
Is 1480312470 a multiple of 417?
True
Is 231546 a multiple of 6?
True
Is 337 a factor of 239088709?
False
Does 74 divide 229936072?
False
Is 3583 a factor of 12974043?
True
Does 753 divide 16930452?
True
Does 1226 divide 73636012?
True
Does 1844 divide 137022108?
True
Is 358979140 a multiple of 2410?
True
Does 18 divide 118075558?
False
Is 18171600 a multiple of 57?
True
Does 19 divide 325733198?
False
Is 67990403 a multiple of 103?
True
Is 4280466 a multiple of 16?
False
Is 50027396 a multiple of 17?
True
Does 3700 divide 74526527?
False
Is 726 a factor of 36901128?
True
Is 861 a factor of 623428575?
True
Is 66394735 a multiple of 19?
False
Is 8698690 even?
True
Does 63 divide 1101437064?
True
Does 871 divide 48565681?
False
Does 217 divide 834120875?
True
Is 949 a factor of 105623700?
True
Does 46 divide 66514405?
False
Is 207744528 a multiple of 122?
True
Is 79 a factor of 2347562420?
True
Is 189756769 a multiple of 2153?
False
Is 97847505 a multiple of 105?
True
Is 22 a factor of 266235392?
False
Is 557 a factor of 600697207?
True
Is 121568997 a multiple of 34?
False
Is 1058 a factor of 2404686938?
True
Is 10496289 a multiple of 20?
False
Is 3864386880 a multiple of 290?
True
Is 141728622 a multiple of 69?
True
Is 628095408 a multiple of 276?
True
Does 149 divide 10026628?
False
Is 122 a factor of 414921024?
True
Is 18632052 a multiple of 27?
True
Is 8862900 a multiple of 671?
False
Does 103 divide 76880810?
False
Is 206196882 a multiple of 393?
True
Is 389135396 a multiple of 26?
True
Is 101 a factor of 349186896?
True
Is 1286 a factor of 53444929?
False
Is 789 a factor of 8566356?
False
Does 807 divide 250626955?
False
Does 2996 divide 150743740?
True
Is 360716679 a multiple of 339?
True
Does 14 divide 246636100?
False
Does 856 divide 2325044088?
True
Is 39335175 a multiple of 25?
True
Does 3863 divide 108380328?
True
Is 7188518 a multiple of 3?
False
Is 31 a factor of 106568648?
False
Does 64 divide 15584512?
True
Does 54 divide 287762593?
False
Is 469972646 a multiple of 2063?
False
Does 32 divide 260270464?
True
Is 405 a factor of 3019908467?
False
Is 10028098 a multiple of 408?
False
Is 42343623 a multiple of 21?
True
Is 55411289 a multiple of 844?
False
Is 46767952 a multiple of 638?
True
Is 284 a factor of 112600583?
False
Is 448 a factor of 3290082417?
False
Is 7 a factor of 1809414110?
True
Does 43 divide 107115279?
True
Does 47 divide 269187800?
True
Is 61 a factor of 272165909?
False
Is 297 a factor of 1393592?
False
Is 12 a factor of 11030214?
False
Is 329 a factor of 23732306?
False
Is 374731876 a multiple of 892?
True
Is 352200753 a multiple of 1027?
False
Is 1310 a factor of 42195416?
False
Is 13 a factor of 1052528?
False
Is 1096 a factor of 77643928?
True
Does 15 divide 33497563?
False
Is 40221748 a multiple of 490?
False
Is 461 a factor of 3471185491?
False
Is 2714089307 a multiple of 448?
False
Is 417474582 a multiple of 3129?
False
Is 3935403 a multiple of 6?
False
Does 19 divide 475078002?
False
Is 256764816 a multiple of 31?
True
Is 716 a factor of 50187651?
False
Is 493845257 a multiple of 101?
True
Is 108 a factor of 65204383?
False
Does 12 divide 45846036?
True
Does 10 divide 3082449031?
False
Is 2317 a factor of 12154982?
True
Does 3 divide 613941613?
False
Is 35 a factor of 5326186?
False
Does 18 divide 50804227?
False
Is 293 a factor of 1121369893?
True
Is 235 a factor of 259097235?
False
Is 126087 a multiple of 20?
False
Does 14 divide 156288812?
False
Does 44 divide 7791960?
True
Is 403 a factor of 187925301?
False
Does 2033 divide 1033536440?
False
Does 62 divide 138161347?
False
Is 4833 a factor of 365050989?
True
Is 283602176 a multiple of 1952?
True
Does 12 divide 368644752?
True
Is 97766778 a multiple of 6?
True
Is 50233248 a multiple of 36?
True
Is 259 a factor of 1268064?
True
Is 72770220 a multiple of 60?
True
Does 395 divide 1484517045?
True
Is 677545125 a multiple of 75?
True
Is 5 a factor of 966590?
True
Is 1152347 a multiple of 177?
False
Is 160220142 a multiple of 9?
True
Is 16 a factor of 216042192?
True
Is 1945 a factor of 59622030?
True
Is 206 a factor of 2510771672?
True
Is 34285899 a multiple of 54?
False
Is 4794544180 a multiple of 1135?
True
Is 32828914 a multiple of 14?
False
Is 35538632 a multiple of 2927?
False
Is 6534698 a multiple of 9?
False
Is 28